f 3034?
True
Is 13 a factor of 20735?
True
Is 36767 a multiple of 23?
False
Does 15 divide 530?
False
Does 9 divide 1908?
True
Is 4095 a multiple of 58?
False
Is 11319 a multiple of 33?
True
Is 344 a multiple of 43?
True
Is 37536 a multiple of 276?
True
Is 7 a factor of 756?
True
Is 4350 a multiple of 87?
True
Is 85 a factor of 28135?
True
Is 16 a factor of 992?
True
Is 170692 a multiple of 23?
False
Is 888 a multiple of 24?
True
Is 3 a factor of 781?
False
Is 1840 a multiple of 6?
False
Is 33 a factor of 6270?
True
Is 473 a multiple of 76?
False
Is 1248 a multiple of 104?
True
Is 12 a factor of 348?
True
Does 19 divide 133?
True
Is 17 a factor of 1878?
False
Is 5592 a multiple of 12?
True
Does 63 divide 13230?
True
Is 152027 a multiple of 164?
False
Is 2842 a multiple of 8?
False
Is 6 a factor of 2912?
False
Is 9 a factor of 396?
True
Is 49 a factor of 2401?
True
Is 9 a factor of 459?
True
Does 12 divide 1500?
True
Does 4 divide 616?
True
Is 45 a factor of 270?
True
Is 22 a factor of 3037?
False
Is 10680 a multiple of 10?
True
Does 104 divide 6636?
False
Is 8 a factor of 16565?
False
Is 207 a factor of 23805?
True
Is 13 a factor of 507?
True
Is 22 a factor of 93984?
True
Is 6 a factor of 3394?
False
Is 238 a multiple of 4?
False
Is 31876 a multiple of 13?
True
Is 21 a factor of 5061?
True
Is 1184 a multiple of 6?
False
Does 82 divide 8523?
False
Is 6 a factor of 1073?
False
Is 5160 a multiple of 12?
True
Is 9 a factor of 6857?
False
Is 24 a factor of 1969?
False
Is 84 a factor of 14952?
True
Does 15 divide 1680?
True
Does 26 divide 47156?
False
Is 17411 a multiple of 103?
False
Is 2839 a multiple of 49?
False
Does 23 divide 872?
False
Does 24 divide 1880?
False
Is 247 a multiple of 12?
False
Does 153 divide 30141?
True
Does 64 divide 941?
False
Does 22 divide 6798?
True
Is 301 a multiple of 5?
False
Is 6 a factor of 5110?
False
Is 9271 a multiple of 156?
False
Is 54 a factor of 6298?
False
Does 40 divide 1814?
False
Does 5 divide 140?
True
Is 17 a factor of 5019?
False
Is 4 a factor of 850?
False
Is 213 even?
False
Is 67 a multiple of 20?
False
Is 480 a multiple of 20?
True
Is 27608 a multiple of 5?
False
Is 4 a factor of 353?
False
Is 2 a factor of 5776?
True
Does 32 divide 5914?
False
Is 540 a multiple of 6?
True
Is 63 a factor of 87?
False
Does 59 divide 34593?
False
Is 2787 a multiple of 9?
False
Does 4 divide 728?
True
Is 9 a factor of 423?
True
Is 9627 a multiple of 18?
False
Does 3 divide 35?
False
Is 258 a multiple of 76?
False
Is 12 a factor of 192?
True
Is 17142 a multiple of 6?
True
Is 53 a factor of 92485?
True
Does 52 divide 364?
True
Is 12 a factor of 24276?
True
Is 3883 a multiple of 28?
False
Is 63 a factor of 2079?
True
Is 2511 a multiple of 31?
True
Is 396 a multiple of 9?
True
Is 20 a factor of 1340?
True
Is 154 a multiple of 11?
True
Is 13 a factor of 3380?
True
Is 1536 a multiple of 12?
True
Is 8825 a multiple of 25?
True
Is 13 a factor of 60347?
False
Is 23706 a multiple of 54?
True
Is 30777 a multiple of 224?
False
Is 756 a multiple of 14?
True
Does 27 divide 23274?
True
Does 42 divide 40666?
False
Is 420 a multiple of 21?
True
Is 4656 a multiple of 2?
True
Is 40 a factor of 6276?
False
Is 732 even?
True
Is 5157 a multiple of 27?
True
Does 27 divide 9450?
True
Is 224 a factor of 44025?
False
Does 13 divide 1846?
True
Is 13 a factor of 6831?
False
Is 17 a factor of 38675?
True
Is 18173 a multiple of 59?
False
Is 5747 a multiple of 23?
False
Is 5216 a multiple of 16?
True
Is 14953 a multiple of 47?
False
Does 7 divide 6037?
False
Does 14 divide 47586?
True
Does 13 divide 8780?
False
Is 2 a factor of 9514?
True
Is 10850 a multiple of 31?
True
Is 7375 a multiple of 125?
True
Does 17 divide 7242?
True
Does 9 divide 2482?
False
Is 5 a factor of 1381?
False
Does 24 divide 1897?
False
Does 160 divide 7398?
False
Is 52 a factor of 42337?
False
Is 66 a multiple of 22?
True
Does 13 divide 54419?
False
Is 9 a factor of 126?
True
Is 1370 a multiple of 78?
False
Is 44333 a multiple of 24?
False
Is 8411 a multiple of 27?
False
Is 68328 a multiple of 219?
True
Is 450 a multiple of 25?
True
Does 11 divide 4046?
False
Is 114 a factor of 1578?
False
Does 7 divide 2303?
True
Is 664 a multiple of 12?
False
Does 16 divide 3242?
False
Does 14 divide 1232?
True
Is 300 a multiple of 20?
True
Is 37559 a multiple of 71?
True
Is 168 a multiple of 8?
True
Is 16 a factor of 1936?
True
Does 14 divide 2721?
False
Does 84 divide 8820?
True
Does 61 divide 6039?
True
Is 11894 a multiple of 19?
True
Does 13 divide 2049?
False
Does 56 divide 1064?
True
Does 87 divide 2001?
True
Is 92350 a multiple of 10?
True
Is 15 a factor of 31469?
False
Is 219 a factor of 24794?
False
Is 13 a factor of 252?
False
Does 8 divide 25992?
True
Does 126 divide 6930?
True
Is 11 a factor of 271?
False
Is 51 a factor of 2896?
False
Is 135 a multiple of 9?
True
Does 154 divide 16170?
True
Does 15 divide 697?
False
Does 20 divide 5180?
True
Does 8 divide 7968?
True
Is 3 a factor of 1939?
False
Is 8 a factor of 471?
False
Does 13 divide 325?
True
Is 2043 a multiple of 14?
False
Does 26 divide 6188?
True
Is 17578 a multiple of 4?
False
Does 3 divide 1617?
True
Is 1164 a multiple of 28?
False
Is 16 a factor of 192?
True
Is 5 a factor of 11?
False
Is 5 a factor of 3410?
True
Is 51408 a multiple of 84?
True
Is 6680 a multiple of 40?
True
Is 18 a factor of 4950?
True
Does 7 divide 9308?
False
Does 139 divide 11730?
False
Is 15 a factor of 1158?
False
Does 66 divide 1254?
True
Does 15 divide 1065?
True
Is 8 a factor of 929?
False
Does 48 divide 43440?
True
Is 14 a factor of 2310?
True
Does 37 divide 247?
False
Is 1416 a multiple of 62?
False
Is 9 a factor of 2596?
False
Is 975 a multiple of 25?
True
Is 3292 a multiple of 19?
False
Does 10 divide 18859?
False
Is 2433 a multiple of 21?
False
Is 6 a factor of 8352?
True
Is 13134 a multiple of 11?
True
Is 348 a multiple of 13?
False
Is 28 a factor of 179?
False
Is 5109 a multiple of 5?
False
Does 59 divide 1554?
False
Is 15363 a multiple of 14?
False
Is 1064 a multiple of 76?
True
Is 64 a factor of 448?
True
Does 9 divide 1633?
False
Is 23 a factor of 1242?
True
Is 7655 a multiple of 7?
False
Does 47 divide 1958?
False
Is 3094 a multiple of 14?
True
Is 46 a factor of 915?
False
Is 494 a multiple of 35?
False
Does 22 divide 902?
True
Is 795 a multiple of 47?
False
Does 455 divide 114660?
True
Is 342 a multiple of 8?
False
Is 37 a factor of 55291?
False
Does 6 divide 1800?
True
Is 11 a factor of 11403?
False
Does 80 divide 97?
False
Is 30 a factor of 94?
False
Is 379 a multiple of 20?
False
Is 264 a multiple of 6?
True
Does 37 divide 444?
True
Is 7 a factor of 399?
True
Does 22 divide 304?
False
Is 966 a multiple of 14?
True
Does 10 divide 61?
False
Does 4 divide 268?
True
Is 21744 a multiple of 29?
False
Is 15524 a multiple of 31?
False
Does 83 divide 2241?
True
Is 3380 a multiple of 65?
True
Is 64 a multiple of 4?
True
Is 1288 a multiple of 14?
True
Is 4456 a multiple of 45?
False
Does 7 divide 12351?
False
Does 20 divide 100?
True
Is 29 a factor of 70644?
True
Does 43 divide 3244?
False
Does 14 divide 32074?
True
Does 13 divide 6162?
True
Is 25 a factor of 1226?
False
Is 8 a factor of 15896?
True
Is 41 a factor of 246?
True
Does 110 divide 5540?
False
Is 7448 a multiple of 37?
False
Is 24 a factor of 3097?
False
Does 8 divide 992?
True
Is 31 a factor of 670?
False
Is 52296 a multiple of 72?
False
Does 14 divide 1933?
False
Is 10 a factor of 580?
True
Is 15 a factor of 12180?
True
Is 51 a factor of 10251?
True
Is 29726 a multiple of 51?
False
Is 3 a factor of 211?
False
Is 8145 a multiple of 9?
True
Is 2721 a multiple of 7?
False
Is 31 a factor of 9083?
True
Is 29 a factor of 96628?
True
Is 64 a factor of 537?
False
Is 184 a multiple of 15?
False
Is 17 a factor of 1768?
True
Is 4526 a multiple of 31?
True
Does 14 divide 686?
True
Is 18 a factor of 117120?
False
Is 45 a factor of 3444?
False
Is 35 a factor of 245?
True
Is 8 a factor of 15224?
True
Is 42615 a multiple of 22?
False
Is 890 a multiple of 12?
False
Is 3384 a multiple of 72?
True
Is 49 a factor of 34092?
False
Is 23 a factor of 114?
False
Is 38720 a multiple of 22?
True
Is 37032 a multiple of 105?
False
Does 53 divide 9864?
False
Does 17 divide 40375?
True
Is 11427 a multiple 